.
2, 3, 5, 113, 313
What are the prime factors of 662293?
113, 5861
What are the prime factors of 270452?
2, 7, 13, 743
List the prime factors of 1383228.
2, 3, 7, 11, 499
List the prime factors of 442501.
442501
List the prime factors of 367263.
3, 13, 43, 73
List the prime factors of 23730429.
3, 431, 18353
What are the prime factors of 4211158?
2, 7, 97, 443
What are the prime factors of 3313122?
2, 3, 211, 2617
What are the prime factors of 968089?
968089
List the prime factors of 1443984.
2, 3, 67, 449
What are the prime factors of 200156?
2, 11, 4549
What are the prime factors of 335507?
335507
List the prime factors of 1771025.
5, 70841
List the prime factors of 15417196.
2, 229, 16831
What are the prime factors of 414544?
2, 13, 1993
What are the prime factors of 4841171?
313, 15467
List the prime factors of 23328284.
2, 7, 17, 49009
What are the prime factors of 1035924?
2, 3, 173, 499
What are the prime factors of 45615?
3, 5, 3041
List the prime factors of 116102.
2, 7, 8293
What are the prime factors of 194950?
2, 5, 7, 557
List the prime factors of 4396928.
2, 34351
What are the prime factors of 1322711?
13, 101747
What are the prime factors of 3236258?
2, 1618129
List the prime factors of 683584.
2, 11, 971
What are the prime factors of 92958?
2, 3, 15493
List the prime factors of 176282.
2, 19, 4639
What are the prime factors of 11812360?
2, 5, 7, 42187
What are the prime factors of 26085882?
2, 3, 4347647
What are the prime factors of 294981?
3, 98327
What are the prime factors of 1615713?
3, 11, 4451
What are the prime factors of 810143?
433, 1871
List the prime factors of 341650.
2, 5, 6833
What are the prime factors of 8631816?
2, 3, 457, 787
List the prime factors of 2380895.
5, 11, 73, 593
List the prime factors of 756256.
2, 23633
List the prime factors of 19317787.
499, 38713
What are the prime factors of 107846?
2, 53923
What are the prime factors of 9864315?
3, 5, 89, 821
List the prime factors of 3130932.
2, 3, 7, 37273
List the prime factors of 679919.
679919
List the prime factors of 6404221.
733, 8737
List the prime factors of 9473289.
3, 7, 451109
List the prime factors of 278249.
71, 3919
List the prime factors of 559913.
559913
List the prime factors of 306782.
2, 7, 17, 1289
What are the prime factors of 3196192?
2, 99881
What are the prime factors of 251878?
2, 11, 107
List the prime factors of 1365750.
2, 3, 5, 607
What are the prime factors of 1543960?
2, 5, 11, 29
List the prime factors of 22180113.
3, 2464457
What are the prime factors of 2229424?
2, 139339
List the prime factors of 306246.
2, 3, 43, 1187
What are the prime factors of 393094?
2, 13, 1163
What are the prime factors of 2245857?
3, 19, 31, 41
What are the prime factors of 675560?
2, 5, 16889
What are the prime factors of 17451070?
2, 5, 7, 13, 127, 151
What are the prime factors of 16666015?
5, 3333203
What are the prime factors of 749621?
29, 25849
List the prime factors of 1926020.
2, 5, 23, 53, 79
List the prime factors of 4366859.
7, 67, 9311
List the prime factors of 2462182.
2, 1231091
List the prime factors of 12310243.
11, 107, 10459
What are the prime factors of 145483?
13, 19, 31
List the prime factors of 103634.
2, 51817
What are the prime factors of 799195?
5, 159839
What are the prime factors of 425627?
157, 2711
What are the prime factors of 5953788?
2, 3, 165383
What are the prime factors of 204737?
13, 15749
What are the prime factors of 295926?
2, 3, 31, 37, 43
What are the prime factors of 1296974?
2, 7, 92641
What are the prime factors of 28547?
28547
What are the prime factors of 10794822?
2, 3, 1799137
List the prime factors of 3795040.
2, 5, 23719
List the prime factors of 238629.
3, 17, 4679
List the prime factors of 129447.
3, 19, 757
List the prime factors of 1459099.
1459099
What are the prime factors of 327662?
2, 173, 947
List the prime factors of 540517.
540517
What are the prime factors of 5148738?
2, 3, 7, 53, 257
List the prime factors of 2637771.
3, 17, 51721
What are the prime factors of 809785?
5, 161957
List the prime factors of 1191774.
2, 3, 307, 647
List the prime factors of 920227.
7, 11, 17, 19, 37
What are the prime factors of 1213468?
2, 303367
List the prime factors of 896702.
2, 448351
What are the prime factors of 1538756?
2, 37, 281
What are the prime factors of 159173?
7, 22739
List the prime factors of 405228.
2, 3, 33769
What are the prime factors of 7385204?
2, 47, 163, 241
What are the prime factors of 266941?
31, 79, 109
List the prime factors of 11114.
2, 5557
List the prime factors of 23660308.
2, 7, 491, 1721
List the prime factors of 56867.
19, 41, 73
What are the prime factors of 167490?
2, 3, 5, 1861
List the prime factors of 3136303.
23, 136361
List the prime factors of 6596711.
11, 599701
What are the prime factors of 181513?
181513
What are the prime factors of 2412576?
2, 3, 8377
List the prime factors of 2409584.
2, 73, 2063
What are the prime factors of 273712?
2, 17107
What are the prime factors of 412349?
7, 58907
List the prime factors of 79447.
53, 1499
List the prime factors of 1758898.
2, 879449
What are the prime factors of 507789?
3, 6269
What are the prime factors of 510237?
3, 7, 13, 89
What are the prime factors of 31474687?
31474687
List the prime factors of 554754.
2, 3, 92459
List the prime factors of 3247.
17, 191
List the prime factors of 3442823.
17, 202519
List the prime factors of 11252827.
17, 661931
List the prime factors of 8435049.
3, 7, 401669
List the prime factors of 437091.
3, 53, 2749
List the prime factors of 6092785.
5, 1218557
List the prime factors of 13743253.
1019, 13487
List the prime factors of 811086.
2, 3, 135181
List the prime factors of 107777.
107777
What are the prime factors of 1903909?
7, 37, 7351
List the prime factors of 168019.
401, 419
List the prime factors of 458725.
5, 59, 311
List the prime factors of 710806.
2, 131, 2713
What are the prime factors of 21866778?
2, 3, 37, 32833
What are the prime factors of 1662282?
2, 3, 31, 331
What are the prime factors of 2527784?
2, 7, 45139
What are the prime factors of 22867789?
7, 3266827
What are the prime factors of 187716?
2, 3, 15643
List the prime factors of 7684065.
3, 5, 18973
What are the prime factors of 2685275?
5, 37, 2903
What are the prime factors of 365145?
3, 5, 11, 2213
What are the prime factors of 18799102?
2, 7, 61, 22013
What are the prime factors of 600542?
2, 17, 1039
List the prime factors of 15851167.
89, 178103
What are the prime factors of 3137981?
7, 11, 83, 491
List the prime factors of 5657302.
2, 7, 491, 823
What are the prime factors of 1411555?
5, 282311
What are the prime factors of 109928?
2, 7, 13, 151
What are the prime factors of 218895?
3, 5, 14593
List the prime factors of 250762.
2, 19, 6599
List the prime factors of 4864551.
3, 19, 31, 2753
What are the prime factors of 138833?
19, 7307
List the prime factors of 44259.
3, 14753
List the prime factors of 2032909.
2032909
What are the prime factors of 1787494?
2, 179, 4993
What are the prime factors of 2082542?
2, 7, 11, 13523
What are the prime factors of 1635?
3, 5, 109
What are the prime factors of 22729136?
2, 17, 83563
List the prime factors of 183437.
183437
List the prime factors of 491004.
2, 3, 23, 593
What are the prime factors of 50650?
2, 5, 1013
What are the prime factors of 239640?
2, 3, 5, 1997
What are the prime factors of 25116765?
3, 5, 19, 88129
List the prime factors of 1125114.
2, 3, 23, 31, 263
What are the prime factors of 240558?
2, 3, 40093
What are the prime factors of 18041454?
2, 3, 17, 6551
List the prime factors of 474113.
17, 167
What are the prime factors of 4215?
3, 5, 281
List the prime factors of 1043841.
3, 19, 18313
What are the prime factors of 335356?
2, 7, 29, 59
List the prime factors of 1398843.
3, 103, 503
What are the prime factors of 3276090?
2, 3, 5, 89, 409
List the prime factors of 2558714.
2, 1279357
What are the prime factors of 2510509?
17, 59, 2503
What are the prime factors of 1692942?
2, 3, 282157
List the prime factors of 3428116.
2, 857029
What are the prime factors of 2634412?
2, 11, 5443
List the prime factors of 501708.
2, 3, 41809
List the prime factors of 1829831.
1829831
List the prime factors of 5009118.
2, 3, 17, 49109
List the pri